
False
Is 15439 composite?
False
Is 206979 prime?
False
Is 4735 a prime number?
False
Is 310283 composite?
False
Is 99451 prime?
False
Is 62791 a composite number?
False
Is 1733 prime?
True
Is 1767203 a prime number?
True
Is 89431 prime?
True
Is 305 a composite number?
True
Is 11981 a composite number?
False
Is 291253 composite?
False
Is 7741 a prime number?
True
Is 274147 composite?
False
Is 331 a prime number?
True
Is 13894 prime?
False
Is 443 composite?
False
Is 14131 a composite number?
True
Is 13739 composite?
True
Is 770635 a composite number?
True
Is 589681 prime?
True
Is 2493221 a prime number?
True
Is 20161 composite?
False
Is 2963 a composite number?
False
Is 26963 a prime number?
False
Is 550757 a composite number?
False
Is 730907 prime?
False
Is 6281 a prime number?
False
Is 31951 a composite number?
True
Is 27211 composite?
False
Is 138233 a prime number?
False
Is 85879 prime?
False
Is 1541 a composite number?
True
Is 19069 prime?
True
Is 106549 a composite number?
True
Is 20993 prime?
False
Is 133493 a composite number?
False
Is 53353 a prime number?
True
Is 22931 a composite number?
True
Is 87287 a prime number?
False
Is 5461 a composite number?
True
Is 63977 composite?
False
Is 717 a prime number?
False
Is 7234 a composite number?
True
Is 4061 a prime number?
False
Is 2031353 a composite number?
False
Is 2459 composite?
False
Is 82519 composite?
True
Is 105382 a prime number?
False
Is 148229 composite?
False
Is 2288051 composite?
False
Is 656247 prime?
False
Is 1633 composite?
True
Is 587 a prime number?
True
Is 36029 prime?
False
Is 5791 a prime number?
True
Is 102283 a composite number?
True
Is 16649 a composite number?
False
Is 108821 a composite number?
False
Is 5147 composite?
False
Is 1409 a prime number?
True
Is 520043 a prime number?
True
Is 1748954 composite?
True
Is 13667 prime?
False
Is 14047 a prime number?
False
Is 29621 a composite number?
True
Is 473 prime?
False
Is 16871 composite?
False
Is 19707 composite?
True
Is 108323 prime?
False
Is 62819 composite?
False
Is 48953 prime?
True
Is 551477 composite?
True
Is 19529 composite?
True
Is 1927 prime?
False
Is 726383 a composite number?
True
Is 669 composite?
True
Is 39965 a composite number?
True
Is 20873 composite?
False
Is 50213 composite?
True
Is 79457 a prime number?
False
Is 74953 a composite number?
True
Is 629081 a prime number?
True
Is 399505 a prime number?
False
Is 6053 a prime number?
True
Is 13919 a composite number?
True
Is 1835027 composite?
False
Is 367041 composite?
True
Is 2327 prime?
False
Is 3898 composite?
True
Is 359213 a composite number?
True
Is 22901 prime?
True
Is 14242 prime?
False
Is 33149 prime?
True
Is 1081 a composite number?
True
Is 1541 prime?
False
Is 43961 composite?
False
Is 24721 a composite number?
True
Is 38867 a prime number?
True
Is 40195 a prime number?
False
Is 115727 composite?
False
Is 1088387 prime?
True
Is 290587 composite?
True
Is 29989 prime?
True
Is 977627 a prime number?
False
Is 71191 a prime number?
True
Is 154474 a prime number?
False
Is 56843 a composite number?
False
Is 318973 composite?
True
Is 190573 prime?
True
Is 22427 a composite number?
True
Is 14197 a composite number?
False
Is 2437 a prime number?
True
Is 51403 composite?
True
Is 2265143 prime?
True
Is 6121 a prime number?
True
Is 176038 prime?
False
Is 11199 prime?
False
Is 91493 a composite number?
False
Is 12203 composite?
False
Is 5462 a prime number?
False
Is 1963729 composite?
True
Is 51383 composite?
False
Is 135257 a prime number?
True
Is 1317 prime?
False
Is 15577 a prime number?
False
Is 293947 a composite number?
True
Is 11793 a prime number?
False
Is 1945 prime?
False
Is 473351 a composite number?
False
Is 385058 a composite number?
True
Is 3631 a composite number?
False
Is 5951 a composite number?
True
Is 19841 prime?
True
Is 2747 composite?
True
Is 6971 composite?
False
Is 96863 a prime number?
False
Is 17203 composite?
False
Is 34223 a prime number?
False
Is 30859 prime?
True
Is 23233 composite?
True
Is 6347879 prime?
True
Is 439339 a prime number?
True
Is 200939 prime?
False
Is 9897 a prime number?
False
Is 631 a prime number?
True
Is 397781 prime?
False
Is 73237 composite?
False
Is 570719 a composite number?
False
Is 21089 composite?
False
Is 32933 a composite number?
False
Is 21971 a composite number?
True
Is 4843 a prime number?
False
Is 14371 composite?
True
Is 7419 prime?
False
Is 35942 prime?
False
Is 44683 a composite number?
False
Is 44939 prime?
True
Is 3337 prime?
False
Is 153719 composite?
False
Is 583 prime?
False
Is 25013 a composite number?
False
Is 281617 a composite number?
True
Is 340559 prime?
True
Is 33257 prime?
False
Is 9509 prime?
False
Is 155197 composite?
True
Is 199313 composite?
False
Is 9491 composite?
False
Is 424757 a prime number?
True
Is 6469 a composite number?
False
Is 88289 composite?
False
Is 18859 a prime number?
True
Is 387611 a composite number?
True
Is 11581 a prime number?
False
Is 2739853 a composite number?
False
Is 46489 a composite number?
False
Is 6697 prime?
False
Is 40993 prime?
True
Is 4306 composite?
True
Is 92987 composite?
False
Is 24691 a prime number?
True
Is 115127 a prime number?
True
Is 22469 a prime number?
True
Is 1931 composite?
False
Is 6373 a composite number?
False
Is 10474 a composite number?
True
Is 2499193 a prime number?
True
Is 207143 prime?
False
Is 2203 a composite number?
False
Is 375203 composite?
False
Is 2366237 a prime number?
True
Is 4319 a prime number?
False
Is 22957 a composite number?
True
Is 164569 a prime number?
True
Is 21089 a composite number?
False
Is 1987 a composite number?
False
Is 560923 composite?
True
Is 123619 a composite number?
False
Is 28235 composite?
True
Is 973 a composite number?
True
Is 7151 prime?
True
Is 289229 a composite number?
True
Is 506359 composite?
True
Is 18787 a prime number?
True
Is 55999 a prime number?
False
Is 5179 prime?
True
Is 53969 composite?
True
Is 7615 a prime number?
False
Is 106531 a prime number?
True
Is 240137 a prime number?
False
Is 3817 a prime number?
False
Is 17519 a composite number?
False
Is 502 prime?
False
Is 1657 a prime number?
True
Is 96259 composite?
False
Is 407893 a prime number?
True
Is 18295 composite?
True
Is 178643 prime?
True
Is 2939 prime?
True
Is 13117 a prime number?
False
Is 269167 a composite number?
False
Is 14699 composite?
False
Is 1050319 prime?
False
Is 62005 a composite number?
True
Is 181421 a composite number?
False
Is 8743 composite?
True
Is 1073 prime?
False
Is 495283 a prime number?
False
Is 153059 a composite number?
False
Is 7909 composite?
True
Is 220487 prime?
False
Is 43161 a composite number?
True
Is 11623 composite?
True
Is 103141 a prime number?
True
Is 116411 prime?
True
Is 27595 a prime number?
False
Is 16307 a prime number?
False
Is 2723 prime?
False
Is 39707 composite?
True
Is 493 composite?
True
Is 69191 a prime number?
True
Is 10211 a composite number?
False
Is 56365 prime?
False
Is 4967 composite?
False
Is 794705 prime?
False
Is 22723 prime?
False
Is 85081 a composite number?
False
Is 27179 a prime number?
True
Is 1082 a prime number?
False
Is 23221 a composite number?
True
Is 7991369 a composite number?
False
Is 4117 prime?
False
Is 2927 a prime number?
True
Is 33211 a composite number?
False
Is 8579 prime?
False
Is 101753 composite?
True
Is 779641 a prime number?
False
Is 286521 prime?
False
Is 30787 prime?
False
Is 80165 a composite number?
True
Is 207169 composite?
False
Is 1161437 composite?
False
Is 430393 a composite number?
False
Is 52951 composite?
False
Is 103307 prime?
True
Is 1414913 a prime number?
True
Is 417643 a composite number?
False
Is 12181 composite?
True
Is 44771 a composite number?
False
Is 6502 prime?
False
Is 1397 a composite number?
True
Is 50579 a prime number?
False
Is 751561 composite?
True
Is 135511 composite?
False
Is 2773 a composite number?
True
Is 12523 a composite number?
True
Is 8301 a composite number?
True
Is 548687 composite?
False
Is 81478 composite?
True
Is 7933 a prime number?
True
Is 626883 composite?
True
Is 390386 prime?
False
Is 47327 composite?
True
Is 107021 prime?
True
Is 460255 composite?
True
Is 13963 composite?
False
Is 5911 prime?
False
Is 1255 composite?
True
Is 143817 composite?
True
Is 34495 a composite n